 by 20741.
473
Calculate the remainder when 127946249 is divided by 306.
305
What is the remainder when 14768204 is divided by 9027?
32
What is the remainder when 12295367 is divided by 6147521?
325
Calculate the remainder when 7757 is divided by 3634.
489
What is the remainder when 1002812 is divided by 812?
804
Calculate the remainder when 11555438 is divided by 21.
20
Calculate the remainder when 105647 is divided by 6214.
9
Calculate the remainder when 53096 is divided by 972.
608
What is the remainder when 9730608 is divided by 33?
30
Calculate the remainder when 173946 is divided by 12410.
206
Calculate the remainder when 3242084 is divided by 5449.
5378
What is the remainder when 96665813 is divided by 58?
55
What is the remainder when 5530020 is divided by 460820?
180
Calculate the remainder when 380700 is divided by 1816.
1156
What is the remainder when 38004846 is divided by 436?
34
Calculate the remainder when 8298084 is divided by 130.
54
What is the remainder when 379605 is divided by 189728?
149
What is the remainder when 42836705 is divided by 6?
5
What is the remainder when 5047318 is divided by 40?
38
Calculate the remainder when 94876704 is divided by 4235.
4234
Calculate the remainder when 157663319 is divided by 32.
23
What is the remainder when 4831645 is divided by 405?
400
Calculate the remainder when 99823 is divided by 610.
393
What is the remainder when 298173062 is divided by 61?
60
What is the remainder when 45183537 is divided by 6477?
6462
Calculate the remainder when 29028150 is divided by 146.
138
What is the remainder when 657476 is divided by 29420?
10236
Calculate the remainder when 163087 is divided by 741.
67
Calculate the remainder when 13284 is divided by 162.
0
Calculate the remainder when 92649775 is divided by 1049.
1046
Calculate the remainder when 80444361 is divided by 148.
145
What is the remainder when 2055711 is divided by 1309?
581
Calculate the remainder when 1664900 is divided by 832349.
202
Calculate the remainder when 2167497 is divided by 3796.
3777
Calculate the remainder when 5328419 is divided by 87346.
313
What is the remainder when 75171 is divided by 899?
554
What is the remainder when 591442 is divided by 42?
40
Calculate the remainder when 337702 is divided by 346.
6
What is the remainder when 97313 is divided by 1991?
1745
Calculate the remainder when 561102 is divided by 27.
15
What is the remainder when 27790 is divided by 24880?
2910
What is the remainder when 1552939 is divided by 17?
6
What is the remainder when 468080 is divided by 42545?
85
Calculate the remainder when 6095878 is divided by 14.
12
What is the remainder when 1064632 is divided by 24192?
184
Calculate the remainder when 13809468 is divided by 273.
36
Calculate the remainder when 139569537 is divided by 7651.
7646
What is the remainder when 161113 is divided by 6454?
6217
Calculate the remainder when 526987 is divided by 105360.
187
What is the remainder when 1333746 is divided by 5013?
288
Calculate the remainder when 258727 is divided by 311.
286
What is the remainder when 6279995 is divided by 628?
623
Calculate the remainder when 37279 is divided by 953.
112
What is the remainder when 410269 is divided by 100724?
7373
Calculate the remainder when 9213 is divided by 9106.
107
What is the remainder when 2039631 is divided by 41?
4
What is the remainder when 7054339 is divided by 1763572?
51
What is the remainder when 758511 is divided by 1520?
31
Calculate the remainder when 829916 is divided by 8092.
4532
Calculate the remainder when 19071 is divided by 1304.
815
What is the remainder when 4107152 is divided by 139?
119
What is the remainder when 2368775 is divided by 877?
875
Calculate the remainder when 2183384 is divided by 100.
84
What is the remainder when 12667025 is divided by 174?
173
Calculate the remainder when 6105964 is divided by 555083.
51
Calculate the remainder when 14301963 is divided by 59.
9
Calculate the remainder when 1614280 is divided by 2570.
320
What is the remainder when 1493342 is divided by 42?
32
What is the remainder when 197497438 is divided by 98748712?
14
What is the remainder when 400901 is divided by 33406?
29
What is the remainder when 44462673 is divided by 2683?
2680
Calculate the remainder when 87437 is divided by 12474.
119
What is the remainder when 40326545 is divided by 6?
5
Calculate the remainder when 34755369 is divided by 38.
37
What is the remainder when 599835 is divided by 199556?
1167
Calculate the remainder when 447566 is divided by 73.
3
What is the remainder when 719518 is divided by 272?
78
What is the remainder when 186593 is divided by 435?
413
Calculate the remainder when 636865 is divided by 2723.
2406
What is the remainder when 178550 is divided by 76?
26
Calculate the remainder when 1975033 is divided by 197502.
13
Calculate the remainder when 119763 is divided by 8540.
203
What is the remainder when 1404294 is divided by 1264?
1254
What is the remainder when 20349305 is divided by 6783094?
23
Calculate the remainder when 527123 is divided by 153.
38
What is the remainder when 788820 is divided by 7888?
20
What is the remainder when 1434187 is divided by 216?
163
Calculate the remainder when 3820775 is divided by 3820738.
37
What is the remainder when 664686 is divided by 14?
8
What is the remainder when 4091006156 is divided by 3034?
3032
Calculate the remainder when 61173 is divided by 3112.
2045
Calculate the remainder when 269867 is divided by 66.
59
What is the remainder when 2282359 is divided by 5?
4
Calculate the remainder when 10860242 is divided by 170.
132
Calculate the remainder when 617957 is divided by 68606.
503
What is the remainder when 1718391 is divided by 572795?
6
What is the remainder when 3782334 is divided by 1260778?
0
Calculate the remainder when 105050 is divided by 9550.
0
Calculate the remainder when 17485491 is divided by 373.
370
Calculate the remainder when 227793 is divided by 268.
261
Calculate the remainder when 267485 is divided by 2226.
365
Calculate the remainder when 336090 is divided by 7816.
2
What is the remainder when 39982 is divided by 19920?
142
Calculate the remainder when 3031391 is divided by 230.
221
What is the remainder when 2348122 is divided by 85?
82
What is the remainder when 66580 is divided by 32?
20
Calculate the remainder when 7910271 is divided by 5.
1
Calculate the remainder when 250706 is divided by 1006.
212
Calculate the remainder when 72282389 is divided by 91.
88
Calculate the remainder when 1230103 is divided by 565.
98
Calculate the remainder when 459855 is divided by 114877.
347
What is the remainder when 9646694 is divided by 197?
195
Calculate the remainder when 88065 is divided by 482.
341
Calculate the remainder when 182705 is divided by 91345.
15
Calculate the remainder when 1935438 is divided by 55.
43
Calculate the remainder when 24257020 is divided by 12128499.
22
Calculate the remainder when 535462709 is divided by 1934.
1931
What is the remainder when 1111631 is divided by 164?
39
Calculate the remainder when 1487444 is divided by 1485516.
1928
What is the remainder when 261882 is divided by 21738?
1026
Calculate the remainder when 90539 is divided by 774.
755
Calculate the remainder when 102069783 is divided by 3333.
3324
What is the remainder when 1386850 is divided by 346693?
78
Calculate the remainder when 3508506 is divided by 17.
12
Calculate the remainder when 3725973 is divided by 184.
157
What is the remainder when 8839309 is divided by 452?
449
Calculate the remainder when 1295922 is divided by 107993.
6
What is the remainder when 646289 is divided by 2505?
2504
Calculate the remainder when 4674997 is divided by 15793.
269
Calculate the remainder when 103805 is divided by 51368.
1069
Calculate the remainder when 25857450 is divided by 649.
641
What is the remainder when 6737637 is divided by 39?
36
What is the remainder when 6215166 is divided by 725?
466
What is the remainder when 35020 is divided by 16870?
1280
What is the remainder when 1200970 is divided by 1552?
1274
Calculate the remainder when 19815711 is divided by 9907836.
39
Calculate the remainder when 9149279 is divided by 70.
69
What is the remainder when 2782535 is divided by 467?
149
What i